{"id":16,"date":"2021-09-11T07:36:03","date_gmt":"2021-09-11T07:36:03","guid":{"rendered":"https:\/\/www.anneisopp.at\/?page_id=16"},"modified":"2022-10-07T13:09:05","modified_gmt":"2022-10-07T13:09:05","slug":"publikationen","status":"publish","type":"page","link":"https:\/\/www.anneisopp.at\/?page_id=16","title":{"rendered":"Publikationen"},"content":{"rendered":"<div id=\"cs-content\" class=\"cs-content\"><\/div>\n","protected":false},"excerpt":{"rendered":"<p>Anne Isopp Architekturjournalistin mail@anneisopp.atPublikationen konzipieren und betreuenHier ist eine Auswahl an Publikationen, die ich als Redakteurin in den letzten Jahren betreut habe.Begr\u00fcnte D\u00e4cher \u2013 Neue Wege in der BaukulturDachbegr\u00fcnungen sind nicht nur ein Gewinn f\u00fcr Natur und Mensch, sondern stellen auch eine passende Antwort auf den Klimawandel dar. Die Publikation nimmt die Leser*innen mit auf eine Reise in die Welt der begr\u00fcnten D\u00e4cher. Sie zeigt, worauf bei Dachbegr\u00fcnungen zu achten und welche Art von Gr\u00fcndach f\u00fcr welche Anspr\u00fcche und welches Objekt passend istPublikation der Abteilung Raumplanung und Baurecht, Amt der Vorarlberger Landesregierung Bregenz, 2021 Zum Downloadpro:Holz Student Trophy 22 \u2013 &#8230; <a href=\"https:\/\/www.anneisopp.at\/?page_id=16\" class=\"more-link\">Read More<\/a><\/p>\n","protected":false},"author":1,"featured_media":0,"parent":0,"menu_order":0,"comment_status":"closed","ping_status":"closed","template":"template-blank-4.php","meta":[],"yoast_head":"<!-- This site is optimized with the Yoast SEO plugin v20.3 - https:\/\/yoast.com\/wordpress\/plugins\/seo\/ -->\n<title>Publikationen - Anne Isopp \u2013 Architekturjournalistin<\/title>\n<meta name=\"robots\" content=\"index, follow, max-snippet:-1, max-image-preview:large, max-video-preview:-1\" \/>\n<link rel=\"canonical\" href=\"https:\/\/www.anneisopp.at\/?page_id=16\" \/>\n<meta property=\"og:locale\" content=\"de_DE\" \/>\n<meta property=\"og:type\" content=\"article\" \/>\n<meta property=\"og:title\" content=\"Publikationen - Anne Isopp \u2013 Architekturjournalistin\" \/>\n<meta property=\"og:description\" content=\"Anne Isopp Architekturjournalistin mail@anneisopp.atPublikationen konzipieren und betreuenHier ist eine Auswahl an Publikationen, die ich als Redakteurin in den letzten Jahren betreut habe.Begr\u00fcnte D\u00e4cher \u2013 Neue Wege in der BaukulturDachbegr\u00fcnungen sind nicht nur ein Gewinn f\u00fcr Natur und Mensch, sondern stellen auch eine passende Antwort auf den Klimawandel dar. Die Publikation nimmt die Leser*innen mit auf eine Reise in die Welt der begr\u00fcnten D\u00e4cher. Sie zeigt, worauf bei Dachbegr\u00fcnungen zu achten und welche Art von Gr\u00fcndach f\u00fcr welche Anspr\u00fcche und welches Objekt passend istPublikation der Abteilung Raumplanung und Baurecht, Amt der Vorarlberger Landesregierung Bregenz, 2021 Zum Downloadpro:Holz Student Trophy 22 \u2013 ... Read More\" \/>\n<meta property=\"og:url\" content=\"https:\/\/www.anneisopp.at\/?page_id=16\" \/>\n<meta property=\"og:site_name\" content=\"Anne Isopp \u2013 Architekturjournalistin\" \/>\n<meta property=\"article:modified_time\" content=\"2022-10-07T13:09:05+00:00\" \/>\n<meta name=\"twitter:card\" content=\"summary_large_image\" \/>\n<meta name=\"twitter:label1\" content=\"Gesch\u00e4tzte Lesezeit\" \/>\n\t<meta name=\"twitter:data1\" content=\"8 Minuten\" \/>\n<script type=\"application\/ld+json\" class=\"yoast-schema-graph\">{\"@context\":\"https:\/\/schema.org\",\"@graph\":[{\"@type\":\"WebPage\",\"@id\":\"https:\/\/www.anneisopp.at\/?page_id=16\",\"url\":\"https:\/\/www.anneisopp.at\/?page_id=16\",\"name\":\"Publikationen - Anne Isopp \u2013 Architekturjournalistin\",\"isPartOf\":{\"@id\":\"https:\/\/www.anneisopp.at\/#website\"},\"datePublished\":\"2021-09-11T07:36:03+00:00\",\"dateModified\":\"2022-10-07T13:09:05+00:00\",\"breadcrumb\":{\"@id\":\"https:\/\/www.anneisopp.at\/?page_id=16#breadcrumb\"},\"inLanguage\":\"de-DE\",\"potentialAction\":[{\"@type\":\"ReadAction\",\"target\":[\"https:\/\/www.anneisopp.at\/?page_id=16\"]}]},{\"@type\":\"BreadcrumbList\",\"@id\":\"https:\/\/www.anneisopp.at\/?page_id=16#breadcrumb\",\"itemListElement\":[{\"@type\":\"ListItem\",\"position\":1,\"name\":\"Home\",\"item\":\"https:\/\/www.anneisopp.at\/\"},{\"@type\":\"ListItem\",\"position\":2,\"name\":\"Publikationen\"}]},{\"@type\":\"WebSite\",\"@id\":\"https:\/\/www.anneisopp.at\/#website\",\"url\":\"https:\/\/www.anneisopp.at\/\",\"name\":\"Anne Isopp \u2013 Architekturjournalistin\",\"description\":\"\",\"potentialAction\":[{\"@type\":\"SearchAction\",\"target\":{\"@type\":\"EntryPoint\",\"urlTemplate\":\"https:\/\/www.anneisopp.at\/?s={search_term_string}\"},\"query-input\":\"required name=search_term_string\"}],\"inLanguage\":\"de-DE\"}]}<\/script>\n<!-- \/ Yoast SEO plugin. -->","yoast_head_json":{"title":"Publikationen - Anne Isopp \u2013 Architekturjournalistin","robots":{"index":"index","follow":"follow","max-snippet":"max-snippet:-1","max-image-preview":"max-image-preview:large","max-video-preview":"max-video-preview:-1"},"canonical":"https:\/\/www.anneisopp.at\/?page_id=16","og_locale":"de_DE","og_type":"article","og_title":"Publikationen - Anne Isopp \u2013 Architekturjournalistin","og_description":"Anne Isopp Architekturjournalistin mail@anneisopp.atPublikationen konzipieren und betreuenHier ist eine Auswahl an Publikationen, die ich als Redakteurin in den letzten Jahren betreut habe.Begr\u00fcnte D\u00e4cher \u2013 Neue Wege in der BaukulturDachbegr\u00fcnungen sind nicht nur ein Gewinn f\u00fcr Natur und Mensch, sondern stellen auch eine passende Antwort auf den Klimawandel dar. Die Publikation nimmt die Leser*innen mit auf eine Reise in die Welt der begr\u00fcnten D\u00e4cher. Sie zeigt, worauf bei Dachbegr\u00fcnungen zu achten und welche Art von Gr\u00fcndach f\u00fcr welche Anspr\u00fcche und welches Objekt passend istPublikation der Abteilung Raumplanung und Baurecht, Amt der Vorarlberger Landesregierung Bregenz, 2021 Zum Downloadpro:Holz Student Trophy 22 \u2013 ... Read More","og_url":"https:\/\/www.anneisopp.at\/?page_id=16","og_site_name":"Anne Isopp \u2013 Architekturjournalistin","article_modified_time":"2022-10-07T13:09:05+00:00","twitter_card":"summary_large_image","twitter_misc":{"Gesch\u00e4tzte Lesezeit":"8 Minuten"},"schema":{"@context":"https:\/\/schema.org","@graph":[{"@type":"WebPage","@id":"https:\/\/www.anneisopp.at\/?page_id=16","url":"https:\/\/www.anneisopp.at\/?page_id=16","name":"Publikationen - Anne Isopp \u2013 Architekturjournalistin","isPartOf":{"@id":"https:\/\/www.anneisopp.at\/#website"},"datePublished":"2021-09-11T07:36:03+00:00","dateModified":"2022-10-07T13:09:05+00:00","breadcrumb":{"@id":"https:\/\/www.anneisopp.at\/?page_id=16#breadcrumb"},"inLanguage":"de-DE","potentialAction":[{"@type":"ReadAction","target":["https:\/\/www.anneisopp.at\/?page_id=16"]}]},{"@type":"BreadcrumbList","@id":"https:\/\/www.anneisopp.at\/?page_id=16#breadcrumb","itemListElement":[{"@type":"ListItem","position":1,"name":"Home","item":"https:\/\/www.anneisopp.at\/"},{"@type":"ListItem","position":2,"name":"Publikationen"}]},{"@type":"WebSite","@id":"https:\/\/www.anneisopp.at\/#website","url":"https:\/\/www.anneisopp.at\/","name":"Anne Isopp \u2013 Architekturjournalistin","description":"","potentialAction":[{"@type":"SearchAction","target":{"@type":"EntryPoint","urlTemplate":"https:\/\/www.anneisopp.at\/?s={search_term_string}"},"query-input":"required name=search_term_string"}],"inLanguage":"de-DE"}]}},"_links":{"self":[{"href":"https:\/\/www.anneisopp.at\/index.php?rest_route=\/wp\/v2\/pages\/16"}],"collection":[{"href":"https:\/\/www.anneisopp.at\/index.php?rest_route=\/wp\/v2\/pages"}],"about":[{"href":"https:\/\/www.anneisopp.at\/index.php?rest_route=\/wp\/v2\/types\/page"}],"author":[{"embeddable":true,"href":"https:\/\/www.anneisopp.at\/index.php?rest_route=\/wp\/v2\/users\/1"}],"replies":[{"embeddable":true,"href":"https:\/\/www.anneisopp.at\/index.php?rest_route=%2Fwp%2Fv2%2Fcomments&post=16"}],"version-history":[{"count":60,"href":"https:\/\/www.anneisopp.at\/index.php?rest_route=\/wp\/v2\/pages\/16\/revisions"}],"predecessor-version":[{"id":1510,"href":"https:\/\/www.anneisopp.at\/index.php?rest_route=\/wp\/v2\/pages\/16\/revisions\/1510"}],"wp:attachment":[{"href":"https:\/\/www.anneisopp.at\/index.php?rest_route=%2Fwp%2Fv2%2Fmedia&parent=16"}],"curies":[{"name":"wp","href":"https:\/\/api.w.org\/{rel}","templated":true}]}}

<p>Anne Isopp Architekturjournalistin mail@anneisopp.atPublikationen konzipieren und betreuenHier ist eine Auswahl an Publikationen, die ich als Redakteurin in den letzten Jahren betreut habe.Begrünte Dächer – Neue Wege in der BaukulturDachbegrünungen sind nicht nur ein Gewinn für Natur und Mensch, sondern stellen auch eine passende Antwort auf den Klimawandel dar. Die Publikation nimmt die Leser*innen mit auf eine Reise in die Welt der begrünten Dächer. Sie zeigt, worauf bei Dachbegrünungen zu achten und welche Art von Gründach für welche Ansprüche und welches Objekt passend istPublikation der Abteilung Raumplanung und Baurecht, Amt der Vorarlberger Landesregierung Bregenz, 2021 Zum Downloadpro:Holz Student Trophy 22 – &#8230; <a href="https://www.anneisopp.at/?page_id=16" class="more-link">Read More</a></p>

<!-- This site is optimized with the Yoast SEO plugin v20.3 - https://yoast.com/wordpress/plugins/seo/ -->
<title>Publikationen - Anne Isopp – Architekturjournalistin</title>
<meta name="robots" content="index, follow, max-snippet:-1, max-image-preview:large, max-video-preview:-1" />
<link rel="canonical" href="https://www.anneisopp.at/?page_id=16" />
<meta property="og:locale" content="de_DE" />
<meta property="og:type" content="article" />
<meta property="og:title" content="Publikationen - Anne Isopp – Architekturjournalistin" />
<meta property="og:description" content="Anne Isopp Architekturjournalistin mail@anneisopp.atPublikationen konzipieren und betreuenHier ist eine Auswahl an Publikationen, die ich als Redakteurin in den letzten Jahren betreut habe.Begrünte Dächer – Neue Wege in der BaukulturDachbegrünungen sind nicht nur ein Gewinn für Natur und Mensch, sondern stellen auch eine passende Antwort auf den Klimawandel dar. Die Publikation nimmt die Leser*innen mit auf eine Reise in die Welt der begrünten Dächer. Sie zeigt, worauf bei Dachbegrünungen zu achten und welche Art von Gründach für welche Ansprüche und welches Objekt passend istPublikation der Abteilung Raumplanung und Baurecht, Amt der Vorarlberger Landesregierung Bregenz, 2021 Zum Downloadpro:Holz Student Trophy 22 – ... Read More" />
<meta property="og:url" content="https://www.anneisopp.at/?page_id=16" />
<meta property="og:site_name" content="Anne Isopp – Architekturjournalistin" />
<meta property="article:modified_time" content="2022-10-07T13:09:05+00:00" />
<meta name="twitter:card" content="summary_large_image" />
<meta name="twitter:label1" content="Geschätzte Lesezeit" />
	<meta name="twitter:data1" content="8 Minuten" />
<script type="application/ld+json" class="yoast-schema-graph">{"@context":"https://schema.org","@graph":[{"@type":"WebPage","@id":"https://www.anneisopp.at/?page_id=16","url":"https://www.anneisopp.at/?page_id=16","name":"Publikationen - Anne Isopp – Architekturjournalistin","isPartOf":{"@id":"https://www.anneisopp.at/#website"},"datePublished":"2021-09-11T07:36:03+00:00","dateModified":"2022-10-07T13:09:05+00:00","breadcrumb":{"@id":"https://www.anneisopp.at/?page_id=16#breadcrumb"},"inLanguage":"de-DE","potentialAction":[{"@type":"ReadAction","target":["https://www.anneisopp.at/?page_id=16"]}]},{"@type":"BreadcrumbList","@id":"https://www.anneisopp.at/?page_id=16#breadcrumb","itemListElement":[{"@type":"ListItem","position":1,"name":"Home","item":"https://www.anneisopp.at/"},{"@type":"ListItem","position":2,"name":"Publikationen"}]},{"@type":"WebSite","@id":"https://www.anneisopp.at/#website","url":"https://www.anneisopp.at/","name":"Anne Isopp – Architekturjournalistin","description":"","potentialAction":[{"@type":"SearchAction","target":{"@type":"EntryPoint","urlTemplate":"https://www.anneisopp.at/?s={search_term_string}"},"query-input":"required name=search_term_string"}],"inLanguage":"de-DE"}]}</script>
<!-- / Yoast SEO plugin. -->

Anne Isopp Architekturjournalistin mail@anneisopp.atPublikationen konzipieren und betreuenHier ist eine Auswahl an Publikationen, die ich als Redakteurin in den letzten Jahren betreut habe.Begrünte Dächer – Neue Wege in der BaukulturDachbegrünungen sind nicht nur ein Gewinn für Natur und Mensch, sondern stellen auch eine passende Antwort auf den Klimawandel dar. Die Publikation nimmt die Leser*innen mit auf eine Reise in die Welt der begrünten Dächer. Sie zeigt, worauf bei Dachbegrünungen zu achten und welche Art von Gründach für welche Ansprüche und welches Objekt passend istPublikation der Abteilung Raumplanung und Baurecht, Amt der Vorarlberger Landesregierung Bregenz, 2021 Zum Downloadpro:Holz Student Trophy 22 – ... Read More
